= -3*b - 2. Let f(q) be the second derivative of -q**5/20 + 7*q**4/12 - q**3/6 + 2*q**2 - 2*q. Let j be f(7). What are the prime factors of g(j)?
7
Suppose 3*x = -14 - 274. Let a = -35 - x. List the prime factors of a.
61
Suppose -10*p = -4033 - 5147. What are the prime factors of p?
2, 3, 17
Suppose 3*y - 46 = y. Suppose 3*h - 4 - 5 = -3*l, 0 = -3*h - 5*l + 7. Suppose -5*m = -h*d - y, -2*d + 41 = -3*m + 8*m. List the prime factors of m.
7
Let t(j) = -11*j + 11. Let s(l) = l**2 - 2*l - 6. Let u be s(0). What are the prime factors of t(u)?
7, 11
Suppose -v + 533 = 172. What are the prime factors of v?
19
Let t(h) = 41*h**2 - 15*h - 1. What are the prime factors of t(-5)?
7, 157
Let s = 197 - 171. List the prime factors of s.
2, 13
Suppose -12*m = 657 - 3717. What are the prime factors of m?
3, 5, 17
Suppose -3*z - 673 = -3*d + 2*z, 0 = d + 2*z - 228. What are the prime factors of d?
2, 113
Let l be 13/((-52)/96)*(-2)/4. What are the prime factors of 2/(-1) - -1 - (-43 + l)?
2, 3, 5
Let k(l) = l**3 - 7*l**2 + 7*l - 1. Let h be k(6). Suppose 3*y = 4*u + 29, -h*y = 2*u - 4 - 1. Suppose 5*x - 122 = y*x. List the prime factors of x.
61
Let h = -2624 + 3263. List the prime factors of h.
3, 71
Suppose 39*m + 1342 = 40*m. List the prime factors of m.
2, 11, 61
Let y(d) be the second derivative of d**4/12 + 7*d**3/3 + 27*d**2/2 - 27*d. What are the prime factors of y(-18)?
3, 11
List the prime factors of ((-3)/((-24)/(-14)))/(5/(-1960)).
2, 7
List the prime factors of (227817/(-8))/(-17) + 3/(-24).
5, 67
Suppose -53*t + 8109 = -7102. List the prime factors of t.
7, 41
What are the prime factors of (-29)/87*(0 - 1257)?
419
What are the prime factors of (-15)/25 + 3669/15 + -1?
3
Let y(s) = -s**3 - s**2 - s + 3. Let g be y(0). Let z(b) = -2*b**2 - 4*b + 4. Let r be z(g). Let f = r + 43. List the prime factors of f.
17
Let w be 0 + 2 + 5/(15/414). Suppose a = 5*s - 28, 0*s + 2*a = 3*s - 21. Suppose 9*l - w = s*l. List the prime factors of l.
5, 7
Suppose 0 = 2*x - 3*k - 2631, 4*k = -2*x + 159 + 2437. What are the prime factors of x?
2, 3, 109
Suppose -17 = -g - 13. Let n = -8 - -8. Suppose g*o - 308 = -5*u - n*o, 5*o = 4*u - 271. List the prime factors of u.
2
Suppose 3*v - 16 = 2*q, 3*q - 4*v + 25 = v. What are the prime factors of 33*4/(-12)*q?
5, 11
Suppose -2*m = 6*m - 7736. What are the prime factors of m?
967
Suppose 0 = -2*n + 5*o - 10, n + 0*o - 3*o = -6. Suppose n = -i + 5*i - 24. Suppose 0 = 5*t - 0*t - 3*b - 10, 0 = 3*t + 3*b - i. List the prime factors of t.
2
Suppose 5*h + 3*u = 1034 + 822, 5*h + 4*u - 1858 = 0. List the prime factors of h.
2, 5, 37
Let k be ((-20)/6)/(((-30)/18)/(-5)). Let w = k - -27. List the prime factors of w.
17
Suppose -2*i - 2*i + 728 = 0. Suppose 3*j = i + 886. Suppose -4*d = -2*r + 140, 4*r - j = -r + 4*d. What are the prime factors of r?
2, 3
Suppose -8*t + 5*t = 60. List the prime factors of (t/(-6))/(13/1170).
2, 3, 5
Suppose 2*p = d + 9, -12 = -d - 3*d. Suppose 3*h = p, -3*u - 2*u + 4*h + 287 = 0. What are the prime factors of u?
59
Let m(f) = f**3 - 25*f**2 + 25*f - 9. What are the prime factors of m(25)?
2, 7, 11
Let a = -1186 - -1797. What are the prime factors of a?
13, 47
Let t(i) be the first derivative of -15/2*i**2 - 1/3*i**3 + 8*i + 9. List the prime factors of t(-11).
2, 13
Suppose 7*x - 3*x = 2*x. Suppose -5*j + a = -32, -2*j + 3*a + 0 + 5 = x. What are the prime factors of j?
7
What are the prime factors of -10*(-1176)/16 - (-6)/3?
11, 67
Let l(t) be the second derivative of 22*t**4/3 - t**3/6 - 2*t. Let c be l(1). Suppose -2*x - u + 165 = 0, 0*x + x + 2*u = c. List the prime factors of x.
3
Let l(t) = t**2 - 7*t + 10. Let y be l(6). Suppose -3*j = 2*j - 25, -j = y*v - 677. List the prime factors of v.
2, 3, 7
Let h(s) = 10*s + 4. Let x be h(4). Let a = 65 - x. Suppose 5*p = a + 4. List the prime factors of p.
5
Suppose 65 = -3*v + 476. Let j = -67 + v. List the prime factors of j.
2, 5, 7
Let n(r) = 6*r**2 + 2*r + 3. Suppose -19 + 3 = 8*m. What are the prime factors of n(m)?
23
Let b = 915 + -263. What are the prime factors of b?
2, 163
Suppose -r - a + 2 = 3, 2*a = 4*r + 28. Let b = -10 - r. Let h(s) = s**2 - 5. What are the prime factors of h(b)?
2, 5
Let b(t) = t**2 + 5*t - 4. Let q be b(-6). Suppose 5*f - f + 3*v = 110, -q*v = -5*f + 149. What are the prime factors of f?
29
Let b(k) = -k**2 - 5*k - 5. Let r be b(-3). Let i(o) = o + 5. Let z be i(-7). What are the prime factors of ((-75)/6)/r*z?
5
Suppose -y + 18 = 5*d, 0 = -7*y + 2*y + 2*d + 36. Let q(z) = 2*z - 1 - 16 - z + y*z. List the prime factors of q(5).
2, 7
Suppose 4*v - 16 - 9 = -5*b, 0 = -2*v. Suppose -b*x + 260 = -0*x. List the prime factors of x.
2, 13
Let c(v) = v**2 + 5*v - 4. Let j be c(-7). Suppose 3*a + 8 = 4*l, 2*l - j = -0. What are the prime factors of -31*a/(-3 + -1)?
31
Let m(c) be the first derivative of 7*c**3/3 + 4*c + 4. Let p be m(2). Let d = p + 15. List the prime factors of d.
47
Let t = 18 + -15. Suppose -t*l + 2*l - 8 = 0. Let d = 0 - l. List the prime factors of d.
2
Suppose 4*x = 2*n - 202, 2*x = -6 - 4. Suppose -n - 77 = 4*y. List the prime factors of (-660)/y - (-4)/14.
2
Let y(c) = 2*c - 62. Let s be y(0). Let f = s + 34. Let v = -22 - f. List the prime factors of v.
2, 3
Let a = -28 + 30. Let m(v) = 27*v + 3. What are the prime factors of m(a)?
3, 19
Let c = -196 + 345. Suppose 0 = -3*i + 2*f + 152, -3*i + 3*f + 1 = -c. List the prime factors of i.
2, 13
Let n = 18535 - 32591. What are the prime factors of n/(-104) - 4/26?
3, 5
Let n = -183 - -352. What are the prime factors of n?
13
Let d be (-1260)/(-9)*(0 + 2). Suppose 0 = -y - y - 5*r + 133, 0 = 5*y + 2*r - d. List the prime factors of y.
2, 3
Let q be 2/(-12) + 13/6. Suppose -2*c + 10 + q = 0. Suppose 3*m - 39 - c = 0. What are the prime factors of m?
3, 5
Let j = 73 + -69. Suppose 193 - 1 = j*z. List the prime factors of z.
2, 3
Let o = -149 + 142. Let h(t) = 2*t**2 + 16*t + 50. List the prime factors of h(o).
2, 3
Suppose -3*t - 1 = 8. What are the prime factors of (24/(-18) - t)/((-2)/(-66))?
5, 11
Let d(k) = 4*k**2 + 1 + 137*k**3 + 0*k + k - 38*k**3 - 6*k**2. What are the prime factors of d(1)?
3, 11
Suppose 355 = 2*j - 209. Suppose -18*v + 15*v + j = 0. List the prime factors of v.
2, 47
Suppose -3*z = -2*z. Suppose 0 = -5*n - z*n, -m = -5*n - 35. Let q = m + -17. List the prime factors of q.
2, 3
Suppose 15 = 5*m + 85. Let p(a) = -13*a**2 - 3*a + 2. Let t be p(2). List the prime factors of 16/t - 116/m.
2
Let g be 2/6*(22 + -7). Suppose n + 24 = g*n. Suppose -n*f + f = -2*m - 80, 5*m = -f + 16. What are the prime factors of f?
2
Suppose 574*n = 585*n - 42625. What are the prime factors of n?
5, 31
Suppose -3*j - 5*t - 6 = 0, 4*j + 2*t = t + 9. Let c(o) = o**3 + 2*o**2 + 2. Let r be c(-4). List the prime factors of (-3)/(r/8 + j).
2
Let k(h) = -h + 5. Let x be k(-3). Suppose -99 = -y + 5*z + x, 0 = -2*y - z + 192. What are the prime factors of y?
97
Suppose -32*z + 351785 = 101*z. What are the prime factors of z?
5, 23
Suppose -11*f + 5 = -16*f, 2*x - 408 = 2*f. List the prime factors of x.
7, 29
Let u(g) = 2*g**2 - 7*g - 15. Let r be u(5). Suppose 6*o - 153 - 141 = r. List the prime factors of o.
7
Let v(c) = 63*c**2 - 9*c + 3. What are the prime factors of v(3)?
3, 181
Suppose 5*p + 20 = -4*k + p, -3*p - 20 = 4*k. What are the prime factors of (-1)/k + 3 + (-1048)/(-10)?
2, 3
Let k(t) = -606*t - 593. What are the prime factors of k(-6)?
17, 179
Let y(k) = k**3 - 7*k**2 + 8. Let n be y(8). Let x be (n/15)/((-2)/(-70)). Suppose -x = -3*c + 3*w, 2*w + 139 = 4*c - 79. What are the prime factors of c?
53
Let k(q) = 11*q - 18. Let i(u) = -u + 1. Let w(l) = -5*i(l) - k(l). What are the prime factors of w(-10)?
73
Let f = 84 - -93. Suppose -314 = -2*b - z + 31, b + 2*z - f = 0. What are the prime factors of b?
3, 19
Let t = 16 + -31. List the prime factors of (-84 + -1)*6/t.
2, 17
What are the prime factors of 1/(-2)*4*(-45 + 1)?
2, 11
Let s(z) be the third derivative of -z**4/2 - 5*z**3/3 - 2*z**2 - 6*z. Suppose -4*p - 4*t + 4 = t, 32 = -3*p + 5*t. What are the prime factors of s(p)?
2, 19
Let l be (-1)/(-3 + 42/15). Suppose 0 = 3*g - l*u + 50, 3*g + u = -2*g - 74. List the prime factors of (31 - -1) + g/(-5).
5, 7
Let d = 5638 + -3575. List the pri